mmon factor of b and 319?
29
Suppose 3*i + 4*c - 498 = 95, 2*c = 5*i - 971. Calculate the greatest common divisor of i and 15.
15
Let s(n) = -39*n - 238. Let i be s(-7). Calculate the highest common factor of i and 40.
5
Let o be -4*3/(-1) - 0. Suppose -7*u = -4 + 11. Let d = 11 - u. What is the greatest common divisor of d and o?
12
Suppose 398 = 3*o - 118. Suppose -4*b + 188 = -o. Let w(n) = n**2 - n + 10. Let s be w(0). Calculate the greatest common divisor of s and b.
10
Let k = -376 + 739. Suppose 0 = -3*b + 6*b - k. Calculate the greatest common factor of b and 11.
11
Suppose 0 = -2*h + 6, -297 = -4*s - h - 2*h. What is the highest common factor of 192 and s?
24
Suppose 67*j = 56*j + 165. Calculate the highest common divisor of j and 1515.
15
Let v(j) = 12*j - 5. Let t be v(2). Suppose t - 4 = 3*d, -3*d + 26 = i. Let q be (-194)/(-18) + 2/9. What is the greatest common factor of i and q?
11
Suppose -1201 = -10*u + 4389. What is the greatest common factor of 129 and u?
43
Suppose 0 = -51*i + 48*i + 9. Suppose 4*o = -2*w + w + 6, 5*w = -i*o + 13. Calculate the highest common divisor of 8 and w.
2
Suppose -3*z = -290 - 151. Calculate the greatest common factor of 84 and z.
21
Let h be (18/27)/((-1)/(-69)). Suppose -2*f + h = -8. What is the highest common divisor of f and 18?
9
Suppose -2*d + 395 = 5*g - 826, 4*d = -2*g + 482. What is the greatest common divisor of 49 and g?
49
Suppose 3*f + f - 160 = 0. Let p(b) = 29*b + 1. Let q be p(-1). Let x = q + 36. What is the highest common factor of f and x?
8
Suppose -2*f = 4*f - 468. Calculate the highest common factor of 104 and f.
26
Let g be ((-96)/(-18))/(2/69). Let s = 912 + -904. Calculate the greatest common factor of g and s.
8
Let a = 152 - 96. Suppose 2*c = 2 + 2. Let r be 9 - (1 - -1)/c. Calculate the greatest common divisor of a and r.
8
Let s = 359 - 42. Let q = -191 + s. Calculate the greatest common divisor of q and 14.
14
Let f(l) = -l - 27. Let c(d) = -2*d - 80. Let p(v) = -4*c(v) + 11*f(v). Let j be p(5). Let y = 13 + 27. What is the greatest common divisor of j and y?
8
Let c(g) = -36*g + 9. Let m be c(-7). Let z(u) = 2*u**2 - 2*u - 391. Let s be z(-14). What is the highest common divisor of m and s?
29
Let s(m) = 3*m - 42. Let b(j) = -j + 14. Let q(h) = -8*b(h) - 3*s(h). Let z be q(-6). Calculate the greatest common divisor of 60 and z.
20
Let w = 26 + -15. Suppose 2*k = 95 - w. What is the highest common factor of k and 105?
21
Let k(q) = q**3 + 21*q**2 + 12*q - 10. Let t be k(-20). Suppose -4*m + 50 = -t. What is the highest common factor of 20 and m?
10
Suppose -2*d = 5*f - 3*f - 642, -2*f + 657 = -3*d. Suppose -x - 2*m = -34, 0*m + 2*m = x - 38. What is the greatest common factor of x and f?
36
Suppose -4*u = -5*k + k + 48, 2*k - 4*u - 20 = 0. What is the greatest common divisor of k and 1554?
14
Let l be (-3 + 1)*(-66)/12. Suppose 0*k + l = k. Suppose 19*z = 20*z - 1. Calculate the highest common factor of z and k.
1
Suppose -64*j - 285 = -69*j. Let g(p) be the third derivative of 13*p**6/40 - p**4/24 - p**2. Let q be g(1). Calculate the highest common factor of j and q.
19
Suppose -43 + 8 = -h + c, 26 = h + 2*c. What is the highest common divisor of 4 and h?
4
Let w be ((-1)/(-1))/(57/27 + -2). Suppose w - 10 = -s. What is the greatest common factor of 2 and s?
1
Let b = 3 - -1. Let z(t) = -3*t + 8. Let o be z(b). Let h be (81/(-36))/(1/o). What is the greatest common factor of h and 45?
9
Suppose -4*x - 2*i = -110, x - 15 = i + 8. Let b be (-5 - -8) + (6 - -4). Calculate the greatest common factor of b and x.
13
Let t(m) = -4*m**2 - 29*m + 1. Let v be t(-5). Calculate the greatest common factor of 2 and v.
2
Let a(u) = u**3 + 7*u**2 - 2*u - 3. Let o be a(-6). Suppose 11*k = 6*k - 30. Let h be 12/(-5)*45/k. Calculate the greatest common divisor of o and h.
9
Let c = 431 - 424. Calculate the highest common divisor of 623 and c.
7
Let g(u) = u**3 + 5*u**2 - 3*u. Let b be g(-5). Suppose -21*x + 19*x = 4*k - 26, 20 = 5*k. Calculate the highest common factor of b and x.
5
Suppose -25*y + 3*u = -22*y - 237, 4*y - 319 = u. What is the highest common divisor of y and 24?
8
Suppose g - 4*g + 2*x + 542 = 0, g + 3*x = 188. Calculate the greatest common divisor of g and 26.
26
Let z(i) = 4*i**2 + 0*i**3 - i**2 + 5 - i**3 + 3*i**2. Let d be z(6). Suppose 65 = d*k - 5. Calculate the greatest common factor of 112 and k.
14
Suppose -4*n - 5 + 25 = 0, -n = 3*b - 446. Suppose -2*x + 27 = -15. What is the highest common factor of x and b?
21
Let j = 94 - -161. Suppose -7*g = 2*l - 4*g - j, 4*l = 4*g + 540. Calculate the highest common factor of 33 and l.
33
Let k = -383 + 415. Calculate the greatest common divisor of k and 288.
32
Suppose 0 = -c + 5, -c = 77*a - 82*a + 25. Calculate the highest common divisor of 258 and a.
6
Let o(b) = 6*b**3 + 6*b**2 + 75. Let t(n) = n**3 + n**2 - 1. Let c(y) = o(y) - 5*t(y). Let i be c(0). What is the greatest common factor of i and 10?
10
Suppose 2*i = 3*g + 40, 7*g = 4*i + 3*g - 80. Let o = 17 - 9. Suppose -3*b - 2*j = -o - 178, 0 = -b + j + 57. What is the greatest common factor of b and i?
20
Let c(h) be the second derivative of -h**3/6 + 24*h**2 - h - 3. Let x be c(12). Calculate the highest common divisor of x and 27.
9
Let h = -84 + 260. Calculate the greatest common factor of h and 16.
16
Let d = 138 + -76. Suppose f = 2*q - 4 + 72, 5*q = f - d. Calculate the greatest common divisor of 18 and f.
18
Let d = 24 - 22. Suppose d*q - 31 = 95. What is the highest common divisor of q and 7?
7
Let w be ((-20)/(-25))/((-1)/5). Let t be (w - 0/(-4)) + 76. Let d be t/7 - (-8)/(-28). What is the highest common factor of d and 80?
10
Let f(a) = -a**3 - 19*a**2 - 2*a - 36. Let r be f(-19). Suppose -5 = -p - 2*l, -4*l = r*p + 2*p - 40. Calculate the greatest common factor of p and 135.
15
Let z = 754 + -684. Suppose 6*n = 3*n - 33. Let v = n - -21. What is the greatest common divisor of z and v?
10
Suppose 4*w - 2*m - 44 = -0*w, -3*w - 5*m = -7. Let f be 13/26*13*-2. Let c = 16 + f. Calculate the greatest common factor of c and w.
3
Let v be 0 - (-26 + -3)/((-3)/(-12)). Calculate the greatest common factor of v and 87.
29
Let s(j) = 8*j**2 - 2*j + 2. Let k be s(5). What is the highest common factor of k and 6?
6
Suppose -2*f + 10 = 0, 4*f + 40 = -0*a - 4*a. Let q be ((-2 - 0) + a)/(1 + -2). What is the highest common divisor of q and 136?
17
Suppose -448 = -23*b + 219. What is the greatest common factor of 1 and b?
1
Let h(t) = -t**3 - 8*t**2 + 17*t - 11. Let w be h(-10). Calculate the greatest common divisor of w and 475.
19
Let q be ((-92)/24)/((-26)/780). Calculate the highest common divisor of q and 10.
5
Suppose 0 = 140*d - 25207 - 6433. What is the greatest common factor of 2 and d?
2
Suppose 0*c - 16 = -c - 3*j, 3*c - 24 = -j. Let t = 7 - c. Suppose y + 3*y = 4*i - 12, t = 3*i + y - 17. Calculate the highest common factor of 5 and i.
5
Suppose -9*i + 11*i = 0. Suppose -8*u + i*u + 136 = 0. Calculate the greatest common factor of u and 51.
17
Let m = 117 - -216. Calculate the greatest common factor of m and 36.
9
Suppose -49*r - 3078 = -58*r. Calculate the greatest common divisor of 36 and r.
18
Let v be (-10)/45 - (-659)/9. Let g = -37 + v. Calculate the highest common factor of g and 90.
18
Suppose -d + 10 = 5. Let f(n) = n**2 + 5*n - 4. Let z be f(-6). What is the greatest common factor of d and z?
1
Suppose 0 = -3*j - 70 + 67. Let p be j/(-3) - 744/(-36). Calculate the greatest common divisor of 84 and p.
21
Suppose -5*q + 1133 = -2*j, 3*q - j - 679 = -0*j. Calculate the highest common divisor of q and 135.
45
Let q(y) = 92*y + 69. Let x be q(0). What is the highest common divisor of 368 and x?
23
Let r = -382 - -660. Suppose -5*u + r = -142. Calculate the highest common divisor of 12 and u.
12
Suppose -221 - 115 = -2*m. Let p be 1/2*(40 - (4 - 4)). Let n = p - -1. Calculate the highest common factor of n and m.
21
Let g be (-1425)/450 - (-2)/12 - -11. Calculate the highest common factor of 1256 and g.
8
Let c be (-2358)/42*-2 + (-4)/14. What is the highest common factor of 80 and c?
16
Let g = 142 - 241. Let t = -86 - g. Let s be -2 + 2 + 1 - -90. What is the highest common factor of t and s?
13
Suppose 14*t - 19*t + 49 = 4*f, -2*f - 3*t + 27 =